w.
2
Suppose 0 = -7*q - 525 + 203. Let y = -34 - q. Let b be (-5992)/(-100) + 16/200. Calculate the greatest common factor of y and b.
12
Suppose -5*l - 2*y + 25 = 0, 0 = l - 3*y + 1 - 6. Let z = 49 + -214. Let f be z/(-35) - 2/(-7). Calculate the greatest common factor of f and l.
5
Suppose -3786*d = -3*j - 3791*d + 6773, 4*j - 9039 = -5*d. Calculate the highest common factor of j and 5150.
206
Let c(p) = 11*p - 118. Let d be c(11). Suppose 1400 = d*a + 110. What is the greatest common divisor of a and 10?
10
Let v be (-14 + 16)/((-4)/14) + 77. Calculate the highest common factor of v and 34.
2
Suppose 4*x = -2*u + 16, -5*x = -2*u - 0*u + 52. Let s = 204 - 194. Let l be 36/17 - s*(-10)/(-850). Calculate the greatest common factor of l and u.
2
Let r(z) = 57*z - 17. Let s be r(3). Suppose 4*k = -s + 42. Let q be k/6*(-18)/21. Calculate the highest common factor of 32 and q.
4
Suppose 5*j = -4*o + 169, -45 = -19*j + 18*j + 2*o. Calculate the greatest common divisor of 4477 and j.
37
Let l(n) be the second derivative of n**4/6 + 13*n**3/3 - 15*n**2/2 + 26*n. Let d be l(-17). Let z = d + 23. Calculate the greatest common divisor of z and 18.
18
Let h = 5591 + -5582. Calculate the greatest common divisor of 138 and h.
3
Suppose -5*r - 4*b - 1 = 0, -5*r - b = -0*b - 11. Suppose r*v - 5 = 2*l, -13*v - 15 = -16*v - 3*l. Calculate the greatest common factor of 123 and v.
3
Let q(x) = 8*x**2 + 3*x - 12. Let y be q(5). Suppose -489 = -2*a - y. Calculate the highest common divisor of a and 11.
11
Let r(h) = h**3 - 4*h**2 - 2*h - 7. Let n be r(5). Suppose 4*z - 2312 = -4*k, -3*k + 2*z = 1003 - 2687. What is the highest common divisor of n and k?
8
Suppose -29 = -52*c + 51*c - 4*z, z - 5 = 0. Suppose -5*y = -13*x + 14*x + 9, 2*x + y - c = 0. What is the greatest common factor of 33 and x?
3
Let a = -2751 + 2849. What is the highest common divisor of a and 1421?
49
Suppose 6*j - 53 = -11. Let a(u) = -u**3 + 6*u**2 + 8*u - 1. Let o be a(j). Let i be ((-12)/8)/((-2)/72). What is the greatest common factor of o and i?
6
Let b(s) be the second derivative of s**5/20 - 19*s**4/12 + 2*s**2 - 343*s. Let i = -11 + 30. Let k be b(i). Calculate the highest common divisor of 2 and k.
2
Let q be (475/(-100))/(2/(-136)). What is the highest common factor of q and 95?
19
Let x(v) = -4*v**3 + 2*v**2 - 5*v. Let i be x(-2). Suppose -3*c + 359 = -3*q + 7*q, c = -4*q + 109. Calculate the greatest common divisor of i and c.
25
Suppose 0 = 5*f + 35, -4*o + 15*f - 16*f = -469. Calculate the highest common factor of o and 306.
17
Let m be 1 + ((-15)/(-5) - 19*-9). Suppose -m = 155*q - 160*q. What is the greatest common factor of q and 5?
5
Let j = 155 + -104. Let c be j*((-95)/(-15) + -5). What is the highest common divisor of 51 and c?
17
Let y(k) = 3*k**2 - 26*k + 1. Let r(b) = b + 1. Let d(o) = 2*r(o) + y(o). Let w be d(8). What is the highest common factor of w and 24?
3
Let i = -4923 - -9979. What is the greatest common divisor of 79 and i?
79
Let x(g) be the first derivative of 5*g**2/2 + 61*g + 166. Let y be x(-11). Calculate the greatest common factor of y and 54.
6
Let h be -14239 + 14235 - (1/2 - (-450)/(-4)). Let s(n) = -n - 1. Let l be s(-5). What is the highest common divisor of h and l?
4
Let r = -191 + 195. Suppose -r*j = -3*f - 161, 34 = j + f - 1. Suppose 0 = 3*x + 3*d - d - 285, 5*x = 4*d + 475. What is the greatest common factor of x and j?
19
Suppose -4*s = 38 - 50. Suppose -5*t + k + 622 = 0, 0 = s*t - 5*k - 341 - 19. What is the highest common divisor of t and 5?
5
Suppose 0 = -6*c + 77 + 1. Suppose 0 = 23*p - c*p - 70. Suppose -2*y + 84 = y. What is the greatest common factor of y and p?
7
Let b = -1163 - -188. Let s be 4 - (b/30 + (-6)/(-4)). Calculate the highest common divisor of s and 28.
7
Suppose -3*m = -3*w - 7701, 3*m + 151*w - 155*w = 7698. What is the highest common factor of m and 10?
10
Suppose 3791 = 4*m + 3*q, 4*m + 998 = 3*q + 4807. Calculate the highest common divisor of m and 342.
38
Suppose -5*p - 4*q = -480 + 439, 3*q = -3*p + 24. What is the highest common divisor of p and 2187?
9
Let k(l) = -l**3 + 5*l**2 - 3*l - 4. Let u be k(3). Suppose -u*w = w. Let r be 1/(-1) + (17 - w). What is the greatest common factor of r and 2?
2
Suppose 0 = 96*j + 29*j - 750. Suppose 0 = m + 2*m - 12. Let y = j - m. What is the highest common factor of y and 5?
1
Suppose 0 = 10*z - 17*z - 21*z + 24696. Calculate the highest common factor of z and 91.
7
Let o(b) = 4*b**2 + 4*b + 8. Let s be o(6). Let z be (-892)/(-3345) + 236/15. What is the highest common divisor of s and z?
16
Let c = 102885 + -36083. Calculate the highest common divisor of 254 and c.
254
Let m be -3 - (-78)/(-4)*(-8)/12. Let f be 0/(-1 + (6 - 3)). Suppose f*u + 110 = m*u. Calculate the greatest common factor of u and 44.
11
Suppose 2*o - 89 = 111. What is the highest common divisor of o and 540?
20
Let t(a) = 187*a**2 - 65*a - 186. Let v be t(-3). Calculate the greatest common divisor of v and 108.
36
Let f = 13842 - 13587. What is the highest common divisor of f and 102?
51
Let l be 6/15*-10 + 429. Suppose 4*z - 28 - 40 = 0. What is the greatest common divisor of l and z?
17
Let u be (-931)/(-228) + ((-133)/84)/19. Let j = -4 + 9. Suppose 5*q + j = 15. What is the highest common divisor of q and u?
2
Let q be (8 + -6)/(44/3344). Calculate the greatest common factor of q and 6726.
38
Suppose -5*w = -h + 62, 0 = -h + 248*w - 253*w + 82. Calculate the greatest common divisor of h and 171.
9
Suppose 5*z - 74237 - 4881 = -12*z. Calculate the greatest common divisor of 13 and z.
13
Suppose -3931*a + 3929*a - 26 = -4*b, 0 = -3*a - 4*b + 31. Let p = 18 + 25. What is the highest common factor of p and a?
1
Suppose -69*t + 45034 = -56908 + 18038. What is the highest common factor of t and 342?
38
Suppose -27 - 89 = 2*c. Let d(u) = -u**2 + 15*u + 48. Let r be d(14). Let h = c + r. Calculate the greatest common factor of h and 36.
4
Let r = -78 + 73. Let h = 17 + r. Let c(k) = 3*k - 2. Let u be c(2). What is the greatest common factor of h and u?
4
Suppose 31*l - 30*l - 259 = 4*m, l + m = 279. Let k be 10/1 + 0 + 1. Calculate the highest common divisor of l and k.
11
Let d(m) = -448*m - 6709. Let s be d(-15). What is the greatest common factor of 16841 and s?
11
Suppose -6*d = 11*d - 102. Let f be (-8 - -14)/(d/28). Calculate the greatest common divisor of f and 140.
28
Let f be -12*(-1 - -2) - 0. Let k(j) = 3*j**2 + 10*j - 67. Let g be k(f). What is the highest common factor of 70 and g?
35
Let f(n) = -n**3 + 11*n**2 + 23*n - 33. Let h(i) = -i**3 + 3*i**2 + 12*i + 2. Let m be h(5). Let s be f(m). Calculate the greatest common factor of s and 18.
9
Let k = -35 + 88. Suppose -7 = -3*j + k. Calculate the greatest common factor of 380 and j.
20
Let q be 2/((40/(-195))/(-8)). Let i(p) = 3*p + 12. Let c be i(-3). Suppose -15 = -4*l - c. What is the highest common factor of q and l?
3
Suppose 2*l + 13 + 13 = 0. Let w = 4 - l. Let n = -1011 - -1062. Calculate the highest common divisor of w and n.
17
Suppose 2849 = -7*v + 3269. What is the highest common factor of v and 228?
12
Suppose -141*z + 139*z + 4 = 4*m, 2*z = 4*m - 60. Let k(u) = 13*u + 7. Let w be k(5). What is the greatest common factor of w and m?
8
Let t be ((15 + -23)/(10/3))/(30/(-5175)). Calculate the highest common factor of 54 and t.
18
Let f(w) = -w**2 + 18*w - 45. Suppose 35 = 3*l - 10. Let y be f(l). Suppose -k + 3*k - 26 = -3*p, 2*k + 4 = y. What is the greatest common factor of p and 2?
2
Let n(r) = r**3 + 21*r**2 + 56*r + 828. Let p be n(-16). What is the greatest common divisor of 156 and p?
12
Let l(q) = -184*q - 919. Let x be l(-5). Calculate the greatest common factor of 612 and x.
1
Let a = -1432 + 1457. Calculate the highest common factor of 75 and a.
25
Let i(u) = 39 - 41 + 158*u - 41*u. Let z be i(5). What is the highest common factor of 53 and z?
53
Suppose -5*z + 716 = -d, z - 296 = -z - 2*d. Let y = 4890 + -4872. Calculate the greatest common factor of z and y.
18
Let p be 52/(-20)*(0 + 5). Let r(o) = -75*o - 44. Let x be r(p). What is the highest common divisor of x and 19?
19
Suppose 791 = 58*s - 3037. What is the highest common factor of 2442 and s?
66
Let t be 18/(-99) + 53375/77. Let h(u) = -2*u - 7. Let n be h(-8)